{"id":56,"date":"2023-05-27T09:09:13","date_gmt":"2023-05-27T09:09:13","guid":{"rendered":"http:\/\/feuerwehr-rechterfeld.de\/?page_id=56"},"modified":"2026-02-10T18:23:47","modified_gmt":"2026-02-10T18:23:47","slug":"das-ortskommando","status":"publish","type":"page","link":"https:\/\/feuerwehr-rechterfeld.de\/?page_id=56","title":{"rendered":"Das Ortskommando"},"content":{"rendered":"\n\n\n<p>Das Ortskommando der Feuerwehr Rechterfeld besteht per 02.01.2026 aus:<\/p>\n\n\n\n<p><\/p>\n\n\n\n<p><\/p>\n\n\n\n<p><\/p>\n\n\n\n<ul class=\"wp-block-list\">\n<li>Ortsbrandmeister J\u00f6rg Reinke<\/li>\n\n\n\n<li>stv. Ortsbrandmeister Henning Gabel <\/li>\n\n\n\n<li>Gruppenf\u00fchrer Julian Gr\u00fc\u00dfing <\/li>\n\n\n\n<li>Gruppenf\u00fchrer Alexander Pundsack<\/li>\n\n\n\n<li>Gruppenf\u00fchrer Stephan Michelbrand <\/li>\n\n\n\n<li>Gruppenf\u00fchrer Thomas Wilkens <\/li>\n\n\n\n<li>Schriftf\u00fchrerin Carina Pundsack<\/li>\n\n\n\n<li>Sicherheitsbeauftragte Andreas Varnhorn<\/li>\n\n\n\n<li>Atemschutzger\u00e4tewart Kevin Olberding<\/li>\n\n\n\n<li>Ger\u00e4tewart Lukas Martin<\/li>\n\n\n\n<li>Zeugwart Manuel Meyer<\/li>\n\n\n\n<li>Kassenwart Malte Sandkuhl <\/li>\n\n\n\n<li>Jugendfeuerwehrwartin Lena Hasenkamp <\/li>\n<\/ul>\n","protected":false},"excerpt":{"rendered":"<p>Das Ortskommando der Feuerwehr Rechterfeld besteht per 02.01.2026 aus:<\/p>\n","protected":false},"author":1,"featured_media":0,"parent":49,"menu_order":0,"comment_status":"closed","ping_status":"closed","template":"","meta":{"footnotes":""},"class_list":["post-56","page","type-page","status-publish","hentry"],"_links":{"self":[{"href":"https:\/\/feuerwehr-rechterfeld.de\/index.php?rest_route=\/wp\/v2\/pages\/56","targetHints":{"allow":["GET"]}}],"collection":[{"href":"https:\/\/feuerwehr-rechterfeld.de\/index.php?rest_route=\/wp\/v2\/pages"}],"about":[{"href":"https:\/\/feuerwehr-rechterfeld.de\/index.php?rest_route=\/wp\/v2\/types\/page"}],"author":[{"embeddable":true,"href":"https:\/\/feuerwehr-rechterfeld.de\/index.php?rest_route=\/wp\/v2\/users\/1"}],"replies":[{"embeddable":true,"href":"https:\/\/feuerwehr-rechterfeld.de\/index.php?rest_route=%2Fwp%2Fv2%2Fcomments&post=56"}],"version-history":[{"count":3,"href":"https:\/\/feuerwehr-rechterfeld.de\/index.php?rest_route=\/wp\/v2\/pages\/56\/revisions"}],"predecessor-version":[{"id":510,"href":"https:\/\/feuerwehr-rechterfeld.de\/index.php?rest_route=\/wp\/v2\/pages\/56\/revisions\/510"}],"up":[{"embeddable":true,"href":"https:\/\/feuerwehr-rechterfeld.de\/index.php?rest_route=\/wp\/v2\/pages\/49"}],"wp:attachment":[{"href":"https:\/\/feuerwehr-rechterfeld.de\/index.php?rest_route=%2Fwp%2Fv2%2Fmedia&parent=56"}],"curies":[{"name":"wp","href":"https:\/\/api.w.org\/{rel}","templated":true}]}}